) + (-2 - 10)
-1
Calculate (-2 - 1) + 9 + -5.
1
What is the value of (5 - -3) + (0 - 5)?
3
Calculate 5 + -2 + 1 + -3.
1
What is -1 + (0 + 4 - (1 + -1))?
3
What is (6 + (-5 - -3) - 1) + -3?
0
What is the value of -3 + 5 + 7 + -4 - 6?
-1
What is the value of -6 - (-10 + -8) - 11?
1
What is (4 - (3 + -2)) + (7 - 7)?
3
Evaluate 1 + 0 + (-4 - (-16 + 7)).
6
(-9 - -3) + (16 - 7)
3
-3 + (3 - (-4 + 4))
0
What is the value of (-7 - -3) + (0 - 7)?
-11
Calculate 1 + -5 - (1 + -1).
-4
Evaluate -4 + (0 - -1) - (-5 + 4).
-2
What is (-5 - 0) + (5 - 2)?
-2
What is the value of -3 + 12 + -7 + -1?
1
What is -1 + (-4 - 0 - 0)?
-5
What is 0 - (7 - 8) - 2?
-1
Calculate -2 + -5 + 3 + 4 + 0.
0
What is -2 + 0 + (-4 - -5) + -1?
-2
Evaluate (5 + -1 - 0) + 0.
4
What is -6 + 18 + (15 - 27)?
0
12 - (1 + 8 + 13)
-10
What is 3 + 9 + -5 + (-7 - 0)?
0
Calculate -3 + -4 + 3 + 9.
5
Evaluate -67 + 86 + -3 + 3 + -8.
11
What is (-9 - (4 + -1 - 7)) + 5?
0
What is (-1 - (-1 + 3)) + -2?
-5
Evaluate -4 - (-1 - -1) - -8.
4
What is the value of 17 - 1 - (-17 - -23)?
10
Calculate -5 - (4 - 10) - 5.
-4
Calculate 9 - -3 - 13 - -1.
0
What is -2 + 13 + (-9 - -3)?
5
Evaluate 10 + (12 - 6 - 11).
5
Calculate -3 - (-3 + 0 + (4 - 4)).
0
-4 + 11 + -7 - -6
6
What is -1 + -5 + (6 + 5 - 8)?
-3
Calculate -3 - -8 - (6 + -2).
1
Calculate 6 + (-8 - -3) - 0 - 7.
-6
What is 5 + -1 - (1 + 3 + -3)?
3
-3 - (-6 + 3 - 1)
1
What is 4 + (-2 - (2 - 6))?
6
What is the value of 1 - (5 + -3 + -7 + 2)?
4
Calculate (30 - 32) + (7 - 0).
5
Calculate 1 - 1 - (-3 - (-1 - -2)).
4
Evaluate -8 + (-6 + 20 - 2).
4
What is the value of -4 + -2 + (5 - (-1 - -1))?
-1
What is the value of 11 - ((1 - -4) + 3)?
3
9 + -1 + -14 + 8
2
What is -16 - -15 - (1 - -2)?
-4
What is the value of 7 - (0 + 9 + -4)?
2
What is 1 + -2 + 3 - 3?
-1
-4 - 3 - (-2 + -1)
-4
What is -9 - -4 - (6 - 10)?
-1
What is the value of 2 - 6 - (-4 - (3 - 0))?
3
What is the value of (4 + 0 - 3) + -1?
0
What is the value of -5 + 5 + -1 + 3?
2
What is the value of (2 - -2) + (-18 - -10)?
-4
Evaluate (-3 - -1) + -1 + 0 + 4.
1
What is (-5 - -3) + 0 + -1 + 7?
4
What is the value of (-2 - 4) + -3 + 7?
-2
Calculate 7 - (-1 - -6) - -4.
6
What is (-12 + 6 - -5) + -2?
-3
What is 1 - ((2 - 0) + -1 + -1)?
1
What is the value of 3 - (-3 + 4 - -1)?
1
What is the value of (13 - (0 + 14)) + (-3 - 0)?
-4
What is -3 + 1 + 4 + 3?
5
What is 0 + -5 + (10 - 2)?
3
-2 - (0 + 7 + 4 + -9)
-4
What is (2 - 4 - -9) + -2?
5
What is -4 + 12 + (-10 - -6)?
4
What is the value of -5 + 5 + -5 - -1?
-4
13 + -18 + (3 - -5)
3
What is the value of -7 - ((-8 - -1) + 3)?
-3
Calculate -11 + 2 + 1 + 4.
-4
Calculate 2 + -10 - (2 + -19).
9
6 + (4 - 2) + 1 + -9
0
What is -9 + -3 + (11 - 3) + -1?
-5
What is (-7 - -10) + (-6 - 3 - -2)?
-4
Calculate (-23 - -23) + -4 + 5.
1
What is -2 + -10 - (7 + -2 + -12)?
-5
Calculate (8 + 0 - 6) + (-1 - -2).
3
Calculate 4 + 5 + (-12 - -1).
-2
175 + -163 - (-1 + 21)
-8
Calculate -3 - (-5 - -4 - (2 + 1)).
1
What is (0 - (-4 - -4)) + -3?
-3
-3 + (7 + -16 - -16)
4
5 + -3 + -1 + -4 + -2
-5
What is 1 - 1 - (-45 - -44)?
1
-5 + 2 - (1 + -8)
4
Calculate -1 + -1 + (6 - 9).
-5
What is -8 + 9 + (-2 - 3) + 2?
-2
What is the value of -6 + 5 + -8 + 13?
4
What is the value of -7 + 1 - (-5 - 0)?
-1
What is 12 + -5 + 2 - 3?
6
What is (6 + (-1 - 4) - 4) + 2?
-1
2 + -4 + -7 + 3
-6
What is 7 + (1 - (6 + 0))?
2
Calculate (1 - (12 + -7 - 7)) + -4.
-1
Evaluate -5 + 8 + -1 + -1.
1
What is the value of -5 - (12 + -7 + -4)?
-6
-5 + ((-3 - 3) + 4 - -3)
-4
What is 15 + -6 + -4 - 5?
0
Evaluate (5 - 10 - -7) + (8 - -1).
11
Calculate 4 + (5 - 14) - 0.
-5
(-6 - 4) + 6 + (3 - 0)
-1
What is 0 + 11 + (-9 - 3)?
-1
What is 2 + 0 + -10 + 5?
-3
-11 + 11 + (6 - 1) - 10
-5
Evaluate -3 - (-9 - -1 - -2).
3
Evaluate 6 + -6 + -2 + 6 - 1.
3
What is the value of -2 + -3 - (-14 - -10)?
-1
Calculate 0 + (-5 - (-8 + -5 - -5)).
3
What is the value of 2 - 2 - (-43 + 37)?
6
What is 4 + -1 + 0 + -6 - -2?
-1
Evaluate -14 + 1 - (-5 + -3).
-5
What is 5 + (9 - 24 - -4)?
-6
Evaluate (5 - 2) + 10 + -17.
-4
Calculate (-27 - -20) + (0 - -3).
-4
Evaluate -20 - (-19 + 9) - (1 + -2).
-9
Calculate -7 - -1 - (7 - (-12 - -15)).
-10
What is 12 - (1 - -12) - -10?
9
Calculate 4 - 0 - (-24 + 25).
3
Evaluate (-10 - -15 - 9) + (12 - 0).
8
Calculate -4 - (1 - (-2 + 0 - -2)).
-5
-10 + 4 + -4 + 0
-10
Evaluate -15 - (-32 + (17 - 4)).
4
Evaluate 10 - (-7 - (-8 + -4)).
5
Evaluate -2 - -4 - (-28 - -30).
0
What is the value of (-7 + -1 + 7 - 8) + 3?
-6
Evaluate 0 + -2 + (-6 - -4).
-4
Evaluate (-2 - -4) + -14 + (268 - 261).
-5
What is 3 + (2 + -17 - -8) - -5?
1
Calculate 0 + (-11 - (-22 + 6)).
5
8 - 14 - (-2 + 9 + -6)
-7
Evaluate (-1 - (1 + 1)) + 227 + -232.
-8
Evaluate -3 - (2 + -4 + 1 - -1).
-3
What is (1 - (-1 - -1)) + -1?
0
Calculate (0 - (4 - 2)) + 7 + -1.
4
3 - (-5 - -6) - -3
5
What is (-6 - (-4 - (2 - 4))) + 3?
-1
What is -6 + 16 + -5 + -9?
-4
Calculate 3 - (6 - 1) - -5.
3
Evaluate (4 + -4 + 1 - -3) + 1.
5
Calculate 7 - 4 - (9 + -1).
-5
Calculate 13 + -3 + 6 + -8.
8
0 - 0 - ((-5 - -10) + -10)
5
What is (20 - -2) + 30 + -42?
10
Calculate 2 - ((5 - 4) + 2).
-1
Calculate (-1 - -9) + 0 + -7.
1
What is the value of (-3 - -3 - -4) + 1?
5
What is (-2 + -6 + 13 - -2) + -5?
2
What is the value of 0 + (1 - -1) + -4?
-2
Evaluate 12 + -1 - 5 - (2 + 3).
1
What is (-1 - -2 - (4 - 5)) + -2?
0
(-4 - -4) + 1 + 2
3
Evaluate -8 + -1 - -5 - -5.
1
Evaluate -5 + (6 - 2) + -1 - -3.
1
(-3 - -1 - -3) + 2
3
Evaluate -6 - -6 - (9 - 5).
-4
Evaluate 4 + -3 + (-1 - 1).
-1
What is the value of 10 - 2 - (7 + -4) - 0?
5
-5 + (-2 - 0) + -2 + 4
-5
Evaluate 4 + -1 + -2 + -3.
-2
What is the value of (-7 - -2) + -5 + 10?
0
Evaluate 2 + (-3 - (3 - 8)) + 1.
5
What is the value of (4 - (2 + 0 + -2)) + -4?
0
What is 1 - (7 + -13) - 11?
-4
(-5 - -1) + -3 + (1 - 0)
-6
Evaluate 60 - 55 - (-1 + 6).
0
What is -7 + (13 - 8) + (0 - 0)?
-2
Evaluate 1 + 0 - (-11 - -5).
7
Calculate 7 - ((6 - -10) + -6).
-3
What is the value of 0 - (1 + 0 + 0)?
-1
Calculate 2 + -6 - -6 - 4.
-2
-3 + -2 + (-7 - -11)
-1
What is the value of 1 - (8 + -8 - (-3 + 10))?
8
What is the value of -11 + 2 + 8 - 9?
-10
0 - 6 - (62 + -63) - -3
-2
0 - (1 + -3 + 4)
-2
What is the value of -5 - -13 - (5 + 2)?
1
What is the value of 2 + (3 - (4 - 0))?
1
Evaluate (2 - 2) + 5 + -97 + 92.
0
Calculate (-5 - 0) + 2 + -7 + 7.
-3
Calculate -12 + (0 - -7 - -2).
-3
What is (3 - (5 - -1)) + -3 - 4?
-10
What is 5 + 4 + 0 + -3 + -4?
2
What is the value of -5 - (-1 - -3 - 7)?
0
(2 - 5) + 0 + 4 + -5
-4
What is the value of -4 + (6 - (2 - 2))?
2
What is the value of (-17 - (-5 + -5)) + 12?
5
What is the value of -1 + -1 + (-15 + 10 - -8)?
1
What is the value of (-2 - -10) + -24 + 7?
-9
What is the value of -8 + (0 + 7 - -3)?
2
Evaluate -9 + 19 + (-12 - 0).
-2
Evaluate 1 + 11 + -5 - 12.
-5
Evaluate 8 + (6 - 18) + 2 + 0.
-2
Calculate (-6 - (-9 - (-1 + 1))) + 3.
6
Evaluate -11 - ((-9 - 0 - -10) + -6).
-6
What is the value of (-7 - -8) + 1 + 4?
6
What is the value of -4 - -12 - (3 - 2)?
7
Evaluate (-10 - -3) + (2 - -1).
-4
Calculate -8 - -3 - (-28 - -23).
0
Evaluate 0 + 3 - (-5 - (3 + -6)).
5
What is the value of 1 + 0 + -5 + 9?
5
Calculate -4 + 2 - (-2 - (4 - 3)).
1
0 + 4 - (-11 + 4 - -13)
-2
What is (-2 - 2) + (-9 - -12) - -4?
3
Evaluate 3 - ((2 - -3 - 6) + 2).
2
Calculate (2 - 2) + (33 - 24) + -1.
8
Calculate -1 + 1 + -2 + 2 + -2.
-2
1 + 2 - (-1 + (5 - 2))
1
(5 - (7 - 1)) + 2 + 0
1
Calculate 20 + -7 - 11 - 5.
-3
Calculate 3 + 5 + -4 + -7 + 0.
-3
What is the value of 0 + -4 + -2 + 10?
4
What is the value of -1 + 1 + 0 + -1?
-1
What is the value of -3 - (-2 - (2 + -4 - 0))?
-3
What is the value of (16 - (-2 - -7)) + -12?
-1
What is 0 + -4 - (-47 + 33)?
10
What is 4 - (3 + (10 - 4))?
-5
What is the value of (-37 - -33) + (-3 - -3 - -4)?
0
Calculate (-54 - -68) + -6 + 0.
8
Evaluate 1 + 0 - (-3 - (3 + -11)).
-4
What is the value of -1 - ((-2 - 5) + 8)?
-2
Evaluate (6 - (5 - 10 - -9)) + -6.
-4
(5 - (8 - 1)) + (2 - -4)
4
What is 2 + -4 + (-3 - 0) + 1?
-4
5 + (5 - 10 - 2)
-2
Calculate -32 + 29 - (-6 + 0).
3
What is the value of (3 - (8 - 4)) + (0 - 4)?
-5
Evaluate -4 + 2 + 9 + -4.
3
8 + 7 + -5 + -5
5
Calculate (5 - -3) + 1 + -14.
-5
What is the value of 1 + 0 + -3 + 3 + 1?
2
Evaluate 8 + (-2 - (-2 + 3)).
5
What is 0 - (3 - 1 - (6 + -5))?
-1
Evaluate -1 + -2 + 